 is the remainder when 668 is divided by 8?
4
Calculate the remainder when 1066 is divided by 22.
10
What is the remainder when 591 is divided by 8?
7
What is the remainder when 64 is divided by 13?
12
Calculate the remainder when 115 is divided by 55.
5
Calculate the remainder when 82 is divided by 82.
0
Calculate the remainder when 1015 is divided by 154.
91
What is the remainder when 413 is divided by 33?
17
What is the remainder when 827 is divided by 13?
8
What is the remainder when 265 is divided by 115?
35
What is the remainder when 695 is divided by 680?
15
Calculate the remainder when 22173 is divided by 252.
249
What is the remainder when 269 is divided by 6?
5
What is the remainder when 1464 is divided by 64?
56
What is the remainder when 6565 is divided by 2187?
4
Calculate the remainder when 343 is divided by 81.
19
What is the remainder when 1253 is divided by 20?
13
What is the remainder when 307 is divided by 33?
10
Calculate the remainder when 946 is divided by 238.
232
Calculate the remainder when 4059 is divided by 240.
219
What is the remainder when 7054 is divided by 17?
16
Calculate the remainder when 415 is divided by 146.
123
Calculate the remainder when 167 is divided by 24.
23
What is the remainder when 94 is divided by 20?
14
What is the remainder when 7197 is divided by 118?
117
Calculate the remainder when 130 is divided by 54.
22
Calculate the remainder when 168 is divided by 88.
80
What is the remainder when 265 is divided by 73?
46
Calculate the remainder when 152 is divided by 22.
20
Calculate the remainder when 5247 is divided by 328.
327
Calculate the remainder when 2001 is divided by 26.
25
Calculate the remainder when 1675 is divided by 129.
127
Calculate the remainder when 477 is divided by 23.
17
Calculate the remainder when 193 is divided by 65.
63
Calculate the remainder when 2232 is divided by 170.
22
What is the remainder when 7334 is divided by 1832?
6
Calculate the remainder when 797 is divided by 32.
29
What is the remainder when 14820 is divided by 25?
20
Calculate the remainder when 6780 is divided by 87.
81
What is the remainder when 1429 is divided by 10?
9
Calculate the remainder when 1131 is divided by 40.
11
Calculate the remainder when 249 is divided by 16.
9
Calculate the remainder when 8726 is divided by 15.
11
What is the remainder when 409 is divided by 82?
81
What is the remainder when 2706 is divided by 676?
2
Calculate the remainder when 1311 is divided by 215.
21
Calculate the remainder when 706 is divided by 210.
76
Calculate the remainder when 96 is divided by 25.
21
What is the remainder when 985 is divided by 58?
57
Calculate the remainder when 19631 is divided by 24.
23
Calculate the remainder when 647 is divided by 54.
53
Calculate the remainder when 1355 is divided by 8.
3
Calculate the remainder when 1700 is divided by 141.
8
What is the remainder when 996 is divided by 30?
6
Calculate the remainder when 1930 is divided by 129.
124
What is the remainder when 1048 is divided by 75?
73
Calculate the remainder when 1995 is divided by 23.
17
What is the remainder when 348 is divided by 14?
12
What is the remainder when 1040 is divided by 343?
11
What is the remainder when 286 is divided by 25?
11
Calculate the remainder when 417 is divided by 206.
5
Calculate the remainder when 507 is divided by 149.
60
What is the remainder when 114 is divided by 39?
36
What is the remainder when 353 is divided by 72?
65
Calculate the remainder when 1097 is divided by 18.
17
What is the remainder when 476 is divided by 152?
20
What is the remainder when 366 is divided by 74?
70
What is the remainder when 406 is divided by 25?
6
What is the remainder when 118 is divided by 28?
6
Calculate the remainder when 315 is divided by 79.
78
Calculate the remainder when 47 is divided by 16.
15
What is the remainder when 207 is divided by 21?
18
What is the remainder when 375 is divided by 183?
9
What is the remainder when 520 is divided by 15?
10
What is the remainder when 189 is divided by 37?
4
Calculate the remainder when 1199 is divided by 240.
239
What is the remainder when 146 is divided by 130?
16
What is the remainder when 298 is divided by 95?
13
Calculate the remainder when 1163 is divided by 133.
99
Calculate the remainder when 509 is divided by 32.
29
What is the remainder when 30 is divided by 8?
6
What is the remainder when 102 is divided by 22?
14
Calculate the remainder when 206 is divided by 9.
8
What is the remainder when 385 is divided by 94?
9
Calculate the remainder when 29 is divided by 1.
0
Calculate the remainder when 2963 is divided by 165.
158
What is the remainder when 99 is divided by 3?
0
What is the remainder when 35 is divided by 14?
7
Calculate the remainder when 1001 is divided by 199.
6
What is the remainder when 184 is divided by 64?
56
Calculate the remainder when 2607 is divided by 45.
42
What is the remainder when 17 is divided by 2?
1
Calculate the remainder when 217 is divided by 10.
7
What is the remainder when 1671 is divided by 62?
59
Calculate the remainder when 34502 is divided by 103.
100
Calculate the remainder when 81 is divided by 75.
6
What is the remainder when 2451 is divided by 40?
11
What is the remainder when 1098 is divided by 38?
34
Calculate the remainder when 11878 is divided by 18.
16
What is the remainder when 209 is divided by 74?
61
Calculate the remainder when 44 is divided by 4.
0
What is the remainder when 6715 is divided by 2238?
1
What is the remainder when 144 is divided by 49?
46
Calculate the remainder when 30 is divided by 20.
10
Calculate the remainder when 3411 is divided by 584.
491
Calculate the remainder when 374 is divided by 29.
26
Calculate the remainder when 566 is divided by 30.
26
Calculate the remainder when 35 is divided by 27.
8
What is the remainder when 1459 is divided by 21?
10
What is the remainder when 1076 is divided by 12?
8
What is the remainder when 85 is divided by 15?
10
What is the remainder when 11503 is divided by 15?
13
What is the remainder when 981 is divided by 22?
13
What is the remainder when 68 is divided by 35?
33
Calculate the remainder when 6934 is divided by 95.
94
What is the remainder when 956 is divided by 32?
28
What is the remainder when 272 is divided by 112?
48
Calculate the remainder when 7318 is divided by 122.
120
Calculate the remainder when 241 is divided by 88.
65
Calculate the remainder when 324 is divided by 103.
15
What is the remainder when 61 is divided by 33?
28
Calculate the remainder when 910 is divided by 19.
17
Calculate the remainder when 459 is divided by 337.
122
What is the remainder when 10348 is divided by 29?
24
Calculate the remainder when 450 is divided by 86.
20
Calculate the remainder when 8653 is divided by 222.
217
What is the remainder when 190 is divided by 13?
8
What is the remainder when 1125 is divided by 6?
3
What is the remainder when 268 is divided by 6?
4
Calculate the remainder when 792 is divided by 17.
10
What is the remainder when 12911 is divided by 12?
11
What is the remainder when 126 is divided by 35?
21
Calculate the remainder when 1018 is divided by 68.
66
What is the remainder when 351 is divided by 156?
39
Calculate the remainder when 278 is divided by 13.
5
What is the remainder when 2375 is divided by 70?
65
What is the remainder when 436 is divided by 140?
16
Calculate the remainder when 221 is divided by 14.
11
What is the remainder when 95 is divided by 49?
46
What is the remainder when 860 is divided by 17?
10
What is the remainder when 141 is divided by 30?
21
What is the remainder when 264 is divided by 67?
63
Calculate the remainder when 60 is divided by 7.
4
What is the remainder when 418 is divided by 408?
10
Calculate the remainder when 25 is divided by 25.
0
What is the remainder when 917 is divided by 102?
101
Calculate the remainder when 119 is divided by 57.
5
What is the remainder when 1566 is divided by 28?
26
What is the remainder when 157 is divided by 22?
3
What is the remainder when 116 is divided by 39?
38
Calculate the remainder when 2870 is divided by 2868.
2
What is the remainder when 193 is divided by 92?
9
Calculate the remainder when 120 is divided by 33.
21
What is the remainder when 75 is divided by 12?
3